666.
74
Calculate the greatest common factor of 20116 and 1692.
188
What is the highest common factor of 11070 and 141930?
90
Calculate the highest common factor of 2557180 and 40.
20
What is the greatest common factor of 38367 and 882?
441
Calculate the highest common factor of 316740 and 120.
60
What is the highest common factor of 2268 and 1869?
21
Calculate the highest common factor of 14413 and 213.
71
Calculate the greatest common divisor of 19236 and 7476.
84
What is the highest common divisor of 267468 and 2604?
372
What is the greatest common factor of 165 and 3060?
15
What is the greatest common divisor of 9992 and 80?
8
Calculate the highest common factor of 20111 and 182.
91
Calculate the greatest common factor of 910 and 5860.
10
What is the greatest common factor of 582015 and 2645?
115
Calculate the greatest common factor of 213510 and 1650.
330
Calculate the highest common factor of 2709 and 9632.
301
What is the highest common factor of 1 and 10267?
1
Calculate the highest common factor of 1792 and 1780736.
256
What is the highest common factor of 1508 and 2436?
116
Calculate the greatest common factor of 36352 and 8192.
512
What is the highest common divisor of 80082 and 3348?
54
Calculate the highest common divisor of 480 and 51312.
48
Calculate the greatest common factor of 12 and 3632328.
12
Calculate the greatest common factor of 16716 and 192.
12
Calculate the highest common factor of 12766 and 338.
26
Calculate the greatest common divisor of 10059966 and 126.
126
Calculate the greatest common divisor of 15412522 and 94.
94
Calculate the highest common factor of 546 and 192738.
546
What is the greatest common factor of 4760 and 1750252?
476
What is the greatest common divisor of 9028 and 20128?
148
Calculate the greatest common divisor of 390817 and 105.
7
Calculate the greatest common factor of 102753 and 18.
9
Calculate the greatest common factor of 6567 and 297.
33
What is the highest common divisor of 122 and 129991?
61
Calculate the highest common factor of 60875 and 250.
125
What is the highest common factor of 4 and 85468?
4
Calculate the greatest common factor of 426382 and 66.
22
What is the greatest common divisor of 700 and 655060?
140
What is the greatest common divisor of 99 and 1991?
11
What is the highest common factor of 6 and 22437?
3
What is the highest common factor of 104601 and 119?
119
Calculate the highest common factor of 107220 and 84.
12
Calculate the highest common divisor of 28786 and 222.
74
Calculate the highest common divisor of 345 and 1125.
15
What is the greatest common divisor of 44 and 5038?
22
What is the highest common divisor of 325035 and 9?
9
What is the highest common factor of 43432 and 6052?
356
Calculate the greatest common factor of 3758295 and 855.
285
Calculate the highest common factor of 63325 and 1700.
425
What is the highest common factor of 342 and 14247?
9
What is the greatest common divisor of 29835 and 1105?
1105
Calculate the greatest common divisor of 8003 and 477.
53
What is the highest common factor of 30 and 66615?
15
What is the greatest common factor of 153468 and 2205?
441
What is the highest common factor of 142395 and 6?
3
What is the highest common divisor of 3114 and 438?
6
Calculate the highest common divisor of 16856 and 4116.
196
What is the greatest common divisor of 915 and 9120?
15
What is the highest common divisor of 4004 and 34580?
364
What is the greatest common factor of 6669 and 728?
13
What is the greatest common factor of 446 and 183306?
446
Calculate the greatest common factor of 2376 and 134838.
594
Calculate the greatest common factor of 8274 and 21.
21
Calculate the highest common factor of 118 and 2071018.
118
Calculate the greatest common divisor of 28743 and 25233.
39
What is the greatest common factor of 39 and 37115?
13
Calculate the highest common factor of 195200 and 200.
200
Calculate the highest common factor of 1277580 and 15.
15
Calculate the highest common factor of 25662 and 702.
78
Calculate the greatest common factor of 4 and 2176.
4
What is the greatest common factor of 4558808 and 16?
8
Calculate the highest common divisor of 258016 and 1408.
352
Calculate the highest common factor of 20 and 50780.
20
What is the highest common divisor of 4005 and 12735?
45
Calculate the greatest common factor of 3038 and 882.
98
Calculate the greatest common divisor of 154 and 3563.
7
Calculate the highest common factor of 833 and 23124080.
833
What is the highest common divisor of 342 and 2337?
57
Calculate the highest common factor of 303468 and 192.
12
Calculate the greatest common divisor of 24003 and 3906.
63
Calculate the greatest common factor of 2220 and 11433.
111
Calculate the highest common divisor of 196241 and 631.
631
What is the greatest common factor of 4100 and 174700?
100
Calculate the greatest common factor of 33410 and 9230.
130
Calculate the greatest common factor of 8850 and 30000.
150
What is the highest common factor of 136427 and 1816?
227
Calculate the highest common divisor of 38 and 34409.
19
Calculate the greatest common divisor of 2990 and 46150.
130
What is the highest common factor of 1408 and 1276?
44
Calculate the greatest common factor of 426 and 510064.
142
What is the greatest common divisor of 22 and 3284?
2
What is the highest common factor of 4510 and 1480633?
451
Calculate the highest common factor of 725990 and 380.
190
Calculate the highest common factor of 4693704 and 72.
24
Calculate the greatest common factor of 785 and 9375.
5
What is the greatest common factor of 63566 and 222?
74
What is the greatest common factor of 283 and 594017?
283
Calculate the greatest common factor of 5740 and 470.
10
What is the highest common factor of 220 and 101420?
220
Calculate the greatest common divisor of 162537 and 255.
51
What is the highest common factor of 23 and 6578?
23
What is the highest common divisor of 2046 and 63798?
186
Calculate the highest common divisor of 482510 and 210.
70
What is the highest common factor of 604 and 382?
2
What is the highest common factor of 155961 and 1763?
43
What is the greatest common factor of 23808 and 124?
124
Calculate the highest common divisor of 1995 and 5795.
95
What is the highest common divisor of 60826 and 476?
34
Calculate the greatest common factor of 242595 and 405.
405
What is the greatest common factor of 2123460 and 150?
30
Calculate the greatest common divisor of 2224 and 1936.
16
Calculate the highest common divisor of 6 and 110658.
6
What is the highest common divisor of 9598 and 36?
2
What is the greatest common divisor of 44600 and 600?
200
What is the highest common factor of 625298 and 58?
58
Calculate the highest common divisor of 1182 and 238370.
394
What is the greatest common divisor of 16 and 2961056?
16
What is the greatest common factor of 3920 and 290864?
784
Calculate the highest common divisor of 1652 and 431762.
118
What is the greatest common factor of 2772 and 3904824?
924
What is the greatest common divisor of 3835 and 155?
5
Calculate the greatest common divisor of 415 and 4605.
5
Calculate the highest common factor of 1795 and 415.
5
Calculate the greatest common factor of 1296 and 5760.
144
Calculate the greatest common factor of 104 and 28418.
26
Calculate the greatest common divisor of 1210 and 425557.
121
What is the highest common divisor of 587 and 481927?
587
Calculate the highest common divisor of 1785555 and 360.
45
What is the highest common factor of 344099 and 7?
7
What is the greatest common divisor of 11679 and 561?
51
What is the highest common factor of 111276 and 6336?
396
What is the highest common factor of 6762 and 144?
6
Calculate the greatest common divisor of 25482 and 837.
93
Calculate the greatest common factor of 288 and 14328.
72
Calculate the greatest common factor of 276352 and 3048.
1016
Calculate the greatest common factor of 510 and 12410.
170
What is the greatest common factor of 61573 and 335?
67
What is the greatest common divisor of 156948 and 2436?
348
What is the greatest common divisor of 14 and 791?
7
Calculate the highest common factor of 346052 and 1904.
476
What is the greatest common factor of 189 and 138537?
189
Calculate the greatest common divisor of 10545 and 1776.
111
Wha